at is the greatest common divisor of 90 and d?
18
Let b(m) = -154*m. Let h be b(-1). Let n = 27 + -13. Calculate the greatest common factor of n and h.
14
Let j be 4/10 + 36/10. Suppose -2*q = -4*q + j. Let w(s) = -s**3 + 3*s**2 + 2*s. Let h be w(3). Calculate the greatest common factor of q and h.
2
Suppose z = 33 + 9. Suppose 2*a + 5*k - 67 = 0, -3*a + k + 0*k = -58. Calculate the greatest common divisor of a and z.
21
Let g(b) = -b**2 + 8*b - 6. Let q be g(3). Let x(c) = -34*c - 3. Let r be x(-3). Calculate the highest common divisor of q and r.
9
Let j = 257 + 6. Suppose j = 4*u + 47. Suppose -u = -b + 51. What is the greatest common divisor of 15 and b?
15
Suppose -8*f = -9*f + 21. What is the greatest common divisor of 3 and f?
3
Let c = -8 - -8. Suppose -5*w + 2*j + 29 = 3*j, c = -2*w - 3*j + 9. Suppose 3*d + 24 = w*d. What is the greatest common divisor of 8 and d?
8
Suppose -346 = -4*b - 3*o + 186, 0 = -4*o - 16. What is the highest common divisor of b and 17?
17
Let t be ((-4)/8)/(2/(-44)). Let j = -7 + t. What is the greatest common factor of 4 and j?
4
Suppose -303 = -4*g - 103. Let x be 7/((-18)/20 - -1). Let b = x - g. Calculate the highest common factor of 4 and b.
4
Let v = 27 + 64. Calculate the highest common factor of v and 13.
13
Let h(u) be the second derivative of -u**4/12 + 3*u**3 + 4*u**2 - 2*u. Let z be h(14). Calculate the highest common factor of 96 and z.
32
Let t be (-5)/((3/6)/(-1)). Calculate the greatest common factor of 250 and t.
10
Suppose -3*j + 5*j = 68. Calculate the greatest common divisor of 136 and j.
34
Suppose -4*h - 8 = -u, -h = -2*u + 4*u + 11. Let f be (150/(-4))/(h/4). Let o be -12*(20/(-6))/2. Calculate the highest common divisor of o and f.
10
Suppose 4 = s - 3. Let h be 180/5*s/2. What is the greatest common divisor of 14 and h?
14
Let h = 194 + -104. What is the highest common divisor of h and 10?
10
Let l(w) = 2*w**2 + 7*w - 1. Let r be l(-5). Let o(m) = 12*m - 5*m + 7*m. Let s be o(2). What is the highest common factor of s and r?
14
Let z(l) = -l**3 + 6*l**2 - 4*l - 2. Let f be z(5). Suppose 2*c - f*c + 18 = 0. What is the highest common factor of 6 and c?
6
Suppose 0*h = -h + 29. What is the highest common factor of 87 and h?
29
Suppose 5*h = -b + 31, b + 4*h = -0*h + 33. Let w = b + -3. Suppose 2*u + w = 2*r, 3*u - 29 = -3*r + 40. Calculate the greatest common factor of 14 and r.
7
Suppose 24 = 4*x + 4*u, 4*x - 29 = -3*u - 9. Suppose -x*j - 2 = -0. Let h = j - -17. What is the highest common divisor of h and 48?
16
Let c = 120 - 226. Let d be 1 + 3/(-6)*c. Let q = d - 30. Calculate the highest common divisor of q and 8.
8
Let y(b) = b**2 + b - 7. Let g be y(0). Let w be 504/49 + 2/g. Calculate the highest common factor of w and 5.
5
Suppose -z + 4*z = 15. Suppose 0 = q - 4*f + 2 - 10, z*q + 3*f - 63 = 0. Suppose -2*t = -0*t - 168. What is the greatest common divisor of t and q?
12
Let z = -28 - -49. Suppose 2*x - z - 3 = 0. What is the greatest common factor of x and 108?
12
Let y(x) = 10*x - 1. Let l be y(2). What is the greatest common factor of l and 1?
1
Suppose 0*t - 2*q + 54 = 5*t, -4*t = 2*q - 44. Suppose 9 = 5*d + 2*n, 4*d = 8*d + 3*n - t. Let r = d + 4. What is the greatest common factor of 2 and r?
1
Let g(j) = -j**3 + 6*j**2 - 3*j - 4. Let o be g(4). Let d be (-7)/(1/(-2)*-1). Let z = 22 + d. What is the greatest common factor of o and z?
8
Suppose -5*k = 2*k - 77. Let y be -2 + 1 - -13 - 1. What is the highest common factor of y and k?
11
Suppose 0 = -5*g + 23 + 2. Let x(l) = 4*l + 2. Let v be x(8). Suppose -2*p + v = -46. What is the greatest common factor of g and p?
5
Let c(g) be the third derivative of -g**4/12 - 5*g**3/2 + 5*g**2. Let j be c(-10). What is the greatest common factor of 15 and j?
5
Let g = 50 - 25. Let f = 12 - 9. Suppose r = x + 9, 3*r + f*x - 35 = -2*x. Calculate the highest common factor of r and g.
5
Suppose -2*k + k + 20 = -5*l, 0 = -5*k + 4*l + 16. Let x(t) = -t**2 + t - 54. Let v be x(k). Let n = 18 - v. Calculate the highest common divisor of n and 18.
18
Let o = 16 - 7. Suppose -o - 7 = -4*g. Suppose -10 = -5*l - 0*b + b, 2*l - 3*b - 4 = 0. What is the highest common divisor of g and l?
2
Suppose -2*k + 5*k + 2*b = 26, -k = -4*b - 18. What is the highest common divisor of k and 5?
5
Let d(f) = f**3 + 5*f**2 + 3*f + 4. Let r be d(-4). Suppose 4*m = 2*o + 36, -m - r + 26 = 4*o. Let h = 30 - -10. What is the highest common factor of m and h?
10
Suppose 0 = 6*l - 7*l + 10. Calculate the greatest common factor of l and 30.
10
Suppose -8*u = 16*u - 384. What is the highest common factor of u and 144?
16
Let p(w) be the second derivative of w**5/20 - w**4/4 + w**3/6 + w. Let b be p(3). Suppose -42 = -b*n - 0*n. What is the highest common divisor of n and 126?
14
Suppose 7*p + 2*p - 9 = 0. Let l = 2 + -3. Let n(r) = 7*r**2 + 1. Let x be n(l). What is the greatest common factor of p and x?
1
Let a = -152 + 228. Let c = 49 - a. Let y be 6*(-3)/(c/120). Calculate the highest common factor of 10 and y.
10
Let c be 2/(-10) - (-2)/10. Suppose c*h - 4*h + 180 = 0. What is the highest common divisor of h and 15?
15
Let t be 12/(-20) + 23/5. Suppose 0*y = -t*y + 8. What is the greatest common factor of 8 and y?
2
Let q = 93 - 48. Calculate the greatest common divisor of 15 and q.
15
Suppose -2*y = y + 42. Let u = -6 - y. Calculate the highest common divisor of 24 and u.
8
Let g(h) = 3*h - 13. Let o(z) = 3*z - 12. Let a(m) = -5*g(m) + 6*o(m). Let p = 12 + -7. Let b be a(p). Calculate the greatest common factor of 8 and b.
8
Suppose 0*p - 2*p + m = -37, -p + 2*m + 20 = 0. What is the greatest common divisor of 12 and p?
6
Suppose 4*n - 4*q - 344 = 0, -2*q - 206 - 134 = -4*n. Let r = n - 39. Let b be 30/(-3)*(-1)/2. Calculate the highest common divisor of b and r.
5
Suppose 0 = -3*u - 98 + 266. Let n(f) = f**2 - 3*f - 2. Let x be n(-2). What is the highest common divisor of x and u?
8
Suppose -t + 2*o = -24, -2*t - t = 5*o - 39. What is the greatest common divisor of t and 9?
9
Let x(q) = q**3 + 3*q**2 - 3*q + 9. Let g be x(-4). What is the greatest common factor of g and 2?
1
Suppose -4*v + 2 = -14. Suppose -k - v*k + 385 = 0. Calculate the highest common divisor of k and 7.
7
Suppose 7*d - 61 - 30 = 0. Calculate the greatest common divisor of d and 1.
1
Let p(g) = -g**2 + 3*g + 6. Let f be p(4). What is the greatest common divisor of 2 and f?
2
Let u(z) = -4*z**3 - 3*z**2 + 3*z - 2. Let v be u(-3). What is the highest common divisor of 10 and v?
10
Suppose -25*k - 16 = -29*k. What is the highest common divisor of k and 2?
2
Let u be 36/5*(-10)/(-4). Calculate the highest common divisor of 72 and u.
18
Let c = -9 + 13. Let b be 6/c + (-4)/8. Let g = 16 + -10. What is the greatest common divisor of g and b?
1
Suppose 4*f - 320 = -0*f. Suppose 6*d - 2*d = -f. Let v = 34 + d. What is the highest common factor of 112 and v?
14
Suppose 11*u - 92 = 10*u. Let a = u + -26. Calculate the highest common divisor of a and 99.
33
Let s(l) = l**2 + 11*l - 8. Let j be s(-12). Let h be -2 - (j + -8)*8. What is the highest common divisor of h and 10?
10
Suppose -5*c = -9*c + 448. Let u(f) = -2*f**2 + 8*f**2 + 152 - f**2 + 5*f - 148. Let g be u(-2). Calculate the greatest common divisor of c and g.
14
Let h(x) = 2*x**3 - 3*x - 1. Let v be h(2). What is the highest common divisor of 9 and v?
9
Suppose 4*l = -5*t + 46, 3*l + 41 = 3*t + 8. What is the highest common divisor of 170 and t?
10
Let s be 1/(4/232) + -3. What is the greatest common factor of s and 22?
11
Suppose 2*z - 3*x = 117, -4*z + 0*x = 3*x - 261. Suppose -z = -2*r - r. Calculate the greatest common divisor of r and 147.
21
Let q = -14 - -54. Suppose q - 12 = 2*y. Let z(l) = -l**3 + l + 1. Let o be z(-2). Calculate the greatest common divisor of y and o.
7
Let g be ((-60)/25)/(9/(-30)). Calculate the highest common divisor of 88 and g.
8
Let s = 7 - 3. Suppose -3*n - s*g - 9 = -85, n + 4*g = 36. Suppose -3*c + 162 + 318 = 0. What is the highest common divisor of n and c?
20
Suppose 0 = -p - 4*z + 54, -5*p - 5*z + 2*z = -253. Calculate the greatest common factor of 10 and p.
10
Suppose 3*v + 18 = -3. Let h be ((-12)/v)/((-4)/(-210)). Let f be 4/(-3)*54/(-4). Calculate the greatest common factor of h and f.
18
Suppose 